In base 6, what is -432 + 1132504?
1132032
In base 13, what is 4 + -133a54b?
-133a547
In base 12, what is -17b6bb3 + 0?
-17b6bb3
In base 11, what is 643442 - -5?
643447
In base 10, what is 1 - 2423948?
-2423947
In base 14, what is -b61 - -535a6?
52845
In base 7, what is -224 + -26654324?
-26654551
In base 5, what is -1203414431 + -3?
-1203414434
In base 13, what is 403 + -62a?
-227
In base 3, what is 10 + 200021101001110?
200021101001120
In base 13, what is 8b + -a2bc06?
-a2bb48
In base 3, what is 1111022011 - -100221?
1111200002
In base 11, what is 15455280 - -6?
15455286
In base 2, what is -11 + 1000110011111110000010?
1000110011111101111111
In base 11, what is -14a7 + -954?
-2350
In base 12, what is -42253 + -119?
-42370
In base 4, what is 10022330 + -1010122?
3012202
In base 8, what is -13213 + 30536?
15323
In base 4, what is -1 + -2003122333?
-2003123000
In base 11, what is -698401 - -5?
-6983a7
In base 9, what is -1488 - -4351?
2752
In base 11, what is -2738 + 2034?
-704
In base 5, what is -4100111013201 + -1?
-4100111013202
In base 3, what is -11101121221 + 1010020220?
-10021101001
In base 13, what is -5 - -b66714?
b6670c
In base 7, what is 304 + 2054622?
2055226
In base 14, what is a141aa - 0?
a141aa
In base 9, what is 466526 + 38?
466565
In base 12, what is 42026 + -71?
41b75
In base 7, what is -64353636 - -446?
-64353160
In base 9, what is -3814 + 108136?
104222
In base 10, what is 6 + -3772943?
-3772937
In base 13, what is -5 + b762a7?
b762a2
In base 7, what is 2152 + 6645?
12130
In base 2, what is 1100101011000110101 + 110011011?
1100101011111010000
In base 11, what is 3128 - -281?
33a9
In base 6, what is -10421 + 1214040?
1203215
In base 7, what is -101 + 30122466?
30122365
In base 9, what is -400262 + 1?
-400261
In base 16, what is bf720e - 2?
bf720c
In base 13, what is bb611 + -19?
bb5c5
In base 16, what is -34b + -f3e0?
-f72b
In base 2, what is -110000111011101111011001 - 0?
-110000111011101111011001
In base 6, what is 130452423 - -4?
130452431
In base 16, what is -1 - -1e31f32?
1e31f31
In base 9, what is -652 - -10702?
10040
In base 5, what is 3430113412 + 221?
3430114133
In base 14, what is -794ca + 84?
-79446
In base 4, what is 111 + -111300120103?
-111300113332
In base 8, what is 1362 + 14636?
16220
In base 6, what is -344 - -12231342?
12230554
In base 6, what is 240 - -3045311?
3045551
In base 12, what is 148 + -b53a04?
-b53878
In base 10, what is 492995 + 1385?
494380
In base 11, what is 116 - 1421a9?
-142093
In base 4, what is -100312012 - -11?
-100312001
In base 16, what is 8033cc + 5?
8033d1
In base 9, what is 2 - -316178737?
316178740
In base 8, what is 152 - 20212101?
-20211727
In base 2, what is 101111100010 - -1011000110011100?
1011110101111110
In base 13, what is -7271 + -6005?
-10276
In base 6, what is -554142 + -114540?
-1113122
In base 3, what is 2112 - -21220200201?
21220210020
In base 3, what is 120120 + -1000011122?
-222121002
In base 15, what is 44289a + -1?
442899
In base 16, what is -2b + -5115a?
-51185
In base 2, what is -1001001001010100 - 110111010011010?
-10000000011101110
In base 5, what is -2403041212333 + 0?
-2403041212333
In base 5, what is 34233104 + 401?
34234010
In base 10, what is -77518117 - 1?
-77518118
In base 6, what is 542210 + 212505?
1155115
In base 15, what is 808c - -1772?
980e
In base 11, what is 74a + -176943?
-1761a4
In base 11, what is -3927 - -185?
-3752
In base 13, what is -5131 - -3442?
-19bc
In base 13, what is -59875b9 - -3?
-59875b6
In base 13, what is 314055 - -1c?
314074
In base 8, what is 2 - 11165601?
-11165577
In base 10, what is -1 + 9412515?
9412514
In base 11, what is -1046a - -191?
-10289
In base 12, what is -3 + 5189862?
518985b
In base 5, what is -1 - 1013112120?
-1013112121
In base 11, what is -170 + 64181?
64011
In base 5, what is -10 + -10200014102?
-10200014112
In base 11, what is 6616aa - -1?
661700
In base 4, what is 33130333133333 - -2?
33130333200001
In base 9, what is 2 - -4314547?
4314550
In base 12, what is -336a + 46?
-3324
In base 15, what is -304e0e - -16a?
-304c94
In base 2, what is -1010100101111100 - -1101111?
-1010100100001101
In base 4, what is -20101323133203 - 3?
-20101323133212
In base 13, what is 613622 - -1?
613623
In base 12, what is 1a161 + -996?
19387
In base 4, what is -331012 - -10110230?
3113212
In base 8, what is 146 + 212631?
212777
In base 7, what is -2563150 - 2030?
-2565210
In base 15, what is -e190 - 25?
-e1b5
In base 16, what is -ad40bee - 0?
-ad40bee
In base 4, what is -2102301003122 + -3?
-2102301003131
In base 2, what is -1000110010000101 + 10000000?
-1000110000000101
In base 3, what is 1102001020201201021 + -11?
1102001020201201010
In base 14, what is -9d7cd9 - -c2?
-9d7c17
In base 2, what is 1100100011111111 - -10000111111011?
1110101011111010
In base 8, what is -7620220 - -12?
-7620206
In base 6, what is -333101 - -31025?
-302032
In base 3, what is 20200122000221101 - -11?
20200122000221112
In base 9, what is 2058041 - -30?
2058071
In base 12, what is -1 - -286463?
286462
In base 3, what is 11100220111022011102 - 0?
11100220111022011102
In base 5, what is -432013 + 2113231?
1131213
In base 16, what is fb + 2b748?
2b843
In base 9, what is -470 + -10761?
-11341
In base 14, what is 43a1c58 - 3?
43a1c55
In base 13, what is -15a3 + -21258?
-2282b
In base 4, what is 1213003 + 3002021?
10221030
In base 16, what is -238 + 544?
30c
In base 15, what is 111267 - 74?
1111e3
In base 12, what is -2 + -2b56ab?
-2b56b1
In base 11, what is -119 - 4205?
-4323
In base 3, what is -202212212 + 2220121?
-122222021
In base 16, what is 18ac5a3 + -7?
18ac59c
In base 16, what is 6b - -12c05?
12c70
In base 6, what is -112334 + 421303?
304525
In base 12, what is 2136 + -83189?
-81053
In base 7, what is 350422 + 2425?
353150
In base 9, what is -422 - -121781?
121358
In base 9, what is 624 - 76685?
-76061
In base 10, what is -3499 - -9099?
5600
In base 7, what is 250656644 + 5?
250656652
In base 12, what is -4590 - 6434a?
-6891a
In base 16, what is 127 - -7f2b?
8052
In base 7, what is -2 - 222655162?
-222655164
In base 15, what is 154b869 - -1?
154b86a
In base 12, what is -7 - 2271700?
-2271707
In base 2, what is 0 - -1011010110100011111111100110?
1011010110100011111111100110
In base 13, what is -3745 + -4bc?
-3c34
In base 6, what is 0 + -223540332?
-223540332
In base 14, what is 12b2c93 + -1?
12b2c92
In base 12, what is 9616 + -15a?
9478
In base 13, what is -8b74 + -2a34?
-b8a8
In base 14, what is -4 - -c69869?
c69865
In base 7, what is -6630001 + -1662?
-6631663
In base 8, what is 2 + 44271227?
44271231
In base 14, what is 225a6b + a?
225a77
In base 9, what is -1237445156 + -3?
-1237445160
In base 7, what is 1245206 - -165?
1245404
In base 4, what is -1210 + -20122101?
-20123311
In base 12, what is 2 + -27956ab?
-27956a9
In base 13, what is -bba6 + 1690?
-a516
In base 14, what is 1365 - 18c95?
-17930
In base 2, what is -100011001010011111100 + 1010111?
-100011001010010100101
In base 10, what is 0 - -5443514?
5443514
In base 6, what is -1 + -205353331?
-205353332
In base 3, what is -100101102202211 - -12?
-100101102202122
In base 3, what is 210222122012112212 + -2?
210222122012112210
In base 8, what is -27566 + 74017?
44231
In base 15, what is -5 - -2d13e3?
2d13dd
In base 3, what is -2202212101200222 - 0?
-2202212101200222
In base 8, what is -276 - 3326303?
-3326601
In base 3, what is -1112200102 - -121121?
-1112001211
In base 4, what is -212130 + 1103010?
230220
In base 9, what is -22068 - -1468?
-20500
In base 4, what is -21330211010 + 3002?
-21330202002
In base 5, what is -24 - -214122120?
214122041
In base 16, what is -67 - -417b4e?
417ae7
In base 10, what is -111 - 7441315?
-7441426
In base 6, what is 1 - 224151?
-224150
In base 3, what is 10 - -12011012212201?
12011012212211
In base 7, what is -154612245 + 26?
-154612216
In base 16, what is 1 - -be834?
be835
In base 4, what is 133200 + 2120300?
2320100
In base 13, what is -10b + 5936?
5828
In base 16, what is a + 1937cf?
1937d9
In base 10, what is 21083097 + 3?
21083100
In base 2, what is 101001010001110111001010101110 + 0?
101001010001110111001010101110
In base 2, what is 1011110 + 10010001000111100101110?
10010001000111110001100
In base 4, what is -2212230 + 110022?
-2102202
In base 16, 